divided by 42.
5
What is the remainder when 326 is divided by 24?
14
Calculate the remainder when 982 is divided by 29.
25
What is the remainder when 417 is divided by 11?
10
Calculate the remainder when 258 is divided by 20.
18
Calculate the remainder when 113 is divided by 25.
13
What is the remainder when 983 is divided by 24?
23
What is the remainder when 404 is divided by 198?
8
Calculate the remainder when 1136 is divided by 17.
14
What is the remainder when 39 is divided by 14?
11
What is the remainder when 94 is divided by 11?
6
What is the remainder when 229 is divided by 116?
113
Calculate the remainder when 350 is divided by 7.
0
Calculate the remainder when 579 is divided by 103.
64
Calculate the remainder when 920 is divided by 22.
18
What is the remainder when 952 is divided by 308?
28
Calculate the remainder when 7003 is divided by 226.
223
Calculate the remainder when 1746 is divided by 53.
50
What is the remainder when 117 is divided by 8?
5
Calculate the remainder when 7165 is divided by 14.
11
Calculate the remainder when 94 is divided by 66.
28
What is the remainder when 6402 is divided by 1066?
6
Calculate the remainder when 6044 is divided by 17.
9
Calculate the remainder when 251 is divided by 139.
112
What is the remainder when 428 is divided by 11?
10
Calculate the remainder when 372 is divided by 331.
41
Calculate the remainder when 339 is divided by 109.
12
Calculate the remainder when 270 is divided by 137.
133
Calculate the remainder when 2801 is divided by 32.
17
What is the remainder when 170 is divided by 92?
78
What is the remainder when 893 is divided by 85?
43
Calculate the remainder when 5 is divided by 3.
2
What is the remainder when 231 is divided by 85?
61
Calculate the remainder when 11940 is divided by 206.
198
What is the remainder when 634 is divided by 10?
4
Calculate the remainder when 168 is divided by 25.
18
What is the remainder when 557 is divided by 40?
37
What is the remainder when 48 is divided by 27?
21
What is the remainder when 85 is divided by 40?
5
Calculate the remainder when 85 is divided by 28.
1
Calculate the remainder when 107 is divided by 20.
7
Calculate the remainder when 405 is divided by 184.
37
Calculate the remainder when 861 is divided by 8.
5
What is the remainder when 82 is divided by 43?
39
Calculate the remainder when 349 is divided by 11.
8
What is the remainder when 1130 is divided by 11?
8
Calculate the remainder when 437 is divided by 216.
5
What is the remainder when 462 is divided by 29?
27
What is the remainder when 140 is divided by 67?
6
What is the remainder when 63 is divided by 46?
17
Calculate the remainder when 464 is divided by 151.
11
What is the remainder when 1116 is divided by 26?
24
What is the remainder when 492 is divided by 5?
2
Calculate the remainder when 108 is divided by 101.
7
Calculate the remainder when 49 is divided by 3.
1
What is the remainder when 89 is divided by 15?
14
What is the remainder when 582 is divided by 177?
51
What is the remainder when 167 is divided by 22?
13
Calculate the remainder when 270 is divided by 35.
25
What is the remainder when 103 is divided by 30?
13
What is the remainder when 116 is divided by 47?
22
Calculate the remainder when 125 is divided by 16.
13
What is the remainder when 104 is divided by 30?
14
Calculate the remainder when 64 is divided by 29.
6
What is the remainder when 277 is divided by 9?
7
What is the remainder when 2029 is divided by 990?
49
Calculate the remainder when 2108 is divided by 57.
56
What is the remainder when 26 is divided by 9?
8
What is the remainder when 178 is divided by 18?
16
What is the remainder when 42 is divided by 4?
2
Calculate the remainder when 562 is divided by 104.
42
What is the remainder when 535 is divided by 184?
167
What is the remainder when 327 is divided by 308?
19
What is the remainder when 3248 is divided by 13?
11
What is the remainder when 327 is divided by 8?
7
What is the remainder when 922 is divided by 71?
70
Calculate the remainder when 230 is divided by 11.
10
Calculate the remainder when 245 is divided by 41.
40
What is the remainder when 528 is divided by 3?
0
What is the remainder when 226 is divided by 56?
2
Calculate the remainder when 1230 is divided by 383.
81
What is the remainder when 25661 is divided by 47?
46
What is the remainder when 43 is divided by 17?
9
Calculate the remainder when 4252 is divided by 133.
129
What is the remainder when 403 is divided by 58?
55
What is the remainder when 212 is divided by 35?
2
Calculate the remainder when 154 is divided by 68.
18
Calculate the remainder when 756 is divided by 19.
15
What is the remainder when 8271 is divided by 22?
21
What is the remainder when 285 is divided by 48?
45
What is the remainder when 472 is divided by 19?
16
What is the remainder when 133 is divided by 20?
13
What is the remainder when 217 is divided by 54?
1
Calculate the remainder when 6702 is divided by 5.
2
Calculate the remainder when 938 is divided by 49.
7
Calculate the remainder when 244 is divided by 66.
46
What is the remainder when 335 is divided by 42?
41
Calculate the remainder when 37 is divided by 30.
7
Calculate the remainder when 317 is divided by 69.
41
Calculate the remainder when 686 is divided by 43.
41
Calculate the remainder when 205 is divided by 13.
10
What is the remainder when 5006 is divided by 59?
50
Calculate the remainder when 48 is divided by 5.
3
Calculate the remainder when 83 is divided by 17.
15
Calculate the remainder when 14829 is divided by 24.
21
Calculate the remainder when 2335 is divided by 30.
25
Calculate the remainder when 8552 is divided by 69.
65
What is the remainder when 364 is divided by 171?
22
Calculate the remainder when 678 is divided by 68.
66
Calculate the remainder when 63 is divided by 16.
15
Calculate the remainder when 31 is divided by 10.
1
Calculate the remainder when 63 is divided by 54.
9
What is the remainder when 3086 is divided by 342?
8
What is the remainder when 500 is divided by 276?
224
Calculate the remainder when 1680 is divided by 2.
0
What is the remainder when 295 is divided by 24?
7
Calculate the remainder when 10318 is divided by 16.
14
What is the remainder when 1315 is divided by 165?
160
Calculate the remainder when 80 is divided by 9.
8
Calculate the remainder when 151 is divided by 7.
4
What is the remainder when 255 is divided by 67?
54
Calculate the remainder when 119 is divided by 54.
11
Calculate the remainder when 1154 is divided by 372.
38
What is the remainder when 571 is divided by 7?
4
What is the remainder when 107 is divided by 32?
11
Calculate the remainder when 190 is divided by 105.
85
Calculate the remainder when 754 is divided by 54.
52
Calculate the remainder when 1688 is divided by 172.
140
Calculate the remainder when 2950 is divided by 82.
80
Calculate the remainder when 675 is divided by 13.
12
Calculate the remainder when 68 is divided by 11.
2
Calculate the remainder when 378 is divided by 35.
28
Calculate the remainder when 38 is divided by 12.
2
Calculate the remainder when 996 is divided by 247.
8
What is the remainder when 590 is divided by 54?
50
Calculate the remainder when 7150 is divided by 550.
0
What is the remainder when 1974 is divided by 140?
14
What is the remainder when 2522 is divided by 314?
10
Calculate the remainder when 7197 is divided by 20.
17
Calculate the remainder when 372 is divided by 89.
16
Calculate the remainder when 259 is divided by 66.
61
Calculate the remainder when 805 is divided by 188.
53
Calculate the remainder when 294 is divided by 10.
4
Calculate the remainder when 869 is divided by 56.
29
What is the remainder when 1211 is divided by 38?
33
What is the remainder when 1768 is divided by 111?
103
What is the remainder when 554 is divided by 277?
0
What is the remainder when 576 is divided by 39?
30
Calculate the remainder when 130 is divided by 128.
2
Calculate the remainder when 75 is divided by 39.
36
Calculate the remainder when 245 is divided by 123.
122
What is the remainder when 48 is divided by 7?
6
What is the remainder when 72 is divided by 13?
7
What is the remainder when 4682 is divided by 16?
10
Calculate the remainder when 126 is divided by 50.
26
Calculate 